{"id":168,"date":"2024-10-09T12:20:21","date_gmt":"2024-10-09T12:20:21","guid":{"rendered":"https:\/\/neu.birgitrieke.de\/?page_id=168"},"modified":"2024-12-14T11:01:23","modified_gmt":"2024-12-14T11:01:23","slug":"veranstaltungen","status":"publish","type":"page","link":"https:\/\/birgitrieke.de\/index.php\/veranstaltungen\/","title":{"rendered":"Veranstaltungen"},"content":{"rendered":"<p>[et_pb_section fb_built=&#8220;1&#8243; admin_label=&#8220;Classes&#8220; module_id=&#8220;therapie&#8220; _builder_version=&#8220;4.27.2&#8243; _module_preset=&#8220;default&#8220; background_color=&#8220;#f9f2ed&#8220; custom_padding=&#8220;1px||||false|false&#8220; global_colors_info=&#8220;{}&#8220;][et_pb_row column_structure=&#8220;2_5,3_5&#8243; _builder_version=&#8220;4.27.2&#8243; _module_preset=&#8220;default&#8220; custom_padding=&#8220;0px||0px||false|false&#8220; box_shadow_style=&#8220;preset4&#8243; box_shadow_horizontal=&#8220;30vw&#8220; box_shadow_vertical=&#8220;0px&#8220; box_shadow_color=&#8220;#B44715&#8243; global_colors_info=&#8220;{}&#8220;][et_pb_column type=&#8220;2_5&#8243; _builder_version=&#8220;4.27.2&#8243; _module_preset=&#8220;default&#8220; global_colors_info=&#8220;{}&#8220;][\/et_pb_column][et_pb_column type=&#8220;3_5&#8243; _builder_version=&#8220;4.27.2&#8243; _module_preset=&#8220;default&#8220; background_color=&#8220;#B44715&#8243; transform_translate=&#8220;1px|0px&#8220; transform_translate_linked=&#8220;off&#8220; custom_padding=&#8220;2vw||2vw|4vw|true|false&#8220; custom_padding_tablet=&#8220;&#8220; custom_padding_phone=&#8220;|||8vw|true|false&#8220; custom_padding_last_edited=&#8220;on|desktop&#8220; global_colors_info=&#8220;{}&#8220;][et_pb_text _builder_version=&#8220;4.27.2&#8243; _module_preset=&#8220;default&#8220; header_font=&#8220;Crimson Text||||||||&#8220; header_font_size=&#8220;68px&#8220; background_layout=&#8220;dark&#8220; max_width=&#8220;750px&#8220; max_width_tablet=&#8220;&#8220; max_width_phone=&#8220;&#8220; max_width_last_edited=&#8220;on|phone&#8220; header_font_size_tablet=&#8220;60px&#8220; header_font_size_phone=&#8220;30px&#8220; header_font_size_last_edited=&#8220;on|phone&#8220; header_line_height_tablet=&#8220;&#8220; header_line_height_phone=&#8220;1.2em&#8220; header_line_height_last_edited=&#8220;on|tablet&#8220; locked=&#8220;off&#8220; global_colors_info=&#8220;{}&#8220;]<\/p>\n<h1>Veranstaltungen<\/h1>\n<p>[\/et_pb_text][\/et_pb_column][\/et_pb_row][\/et_pb_section][et_pb_section fb_built=&#8220;1&#8243; admin_label=&#8220;FAQ&#8220; _builder_version=&#8220;4.27.3&#8243; _module_preset=&#8220;default&#8220; background_color=&#8220;#f9f2ed&#8220; global_colors_info=&#8220;{}&#8220;][et_pb_row _builder_version=&#8220;4.16&#8243; _module_preset=&#8220;default&#8220; custom_padding=&#8220;||55px|||&#8220; global_colors_info=&#8220;{}&#8220;][et_pb_column type=&#8220;4_4&#8243; _builder_version=&#8220;4.16&#8243; _module_preset=&#8220;default&#8220; global_colors_info=&#8220;{}&#8220;][et_pb_text _builder_version=&#8220;4.27.2&#8243; _module_preset=&#8220;default&#8220; text_font=&#8220;Crimson Text||||||||&#8220; text_text_color=&#8220;#B44715&#8243; text_font_size=&#8220;30px&#8220; header_2_font=&#8220;Crimson Text||||||||&#8220; header_2_text_align=&#8220;left&#8220; header_2_text_color=&#8220;#B44715&#8243; header_2_font_size=&#8220;39px&#8220; text_orientation=&#8220;center&#8220; module_alignment=&#8220;center&#8220; header_2_font_size_tablet=&#8220;42px&#8220; header_2_font_size_phone=&#8220;26px&#8220; header_2_font_size_last_edited=&#8220;on|phone&#8220; header_2_line_height_tablet=&#8220;&#8220; header_2_line_height_phone=&#8220;1.2em&#8220; header_2_line_height_last_edited=&#8220;on|phone&#8220; locked=&#8220;off&#8220; global_colors_info=&#8220;{}&#8220;]<\/p>\n<h2>Vortragsreihe &#8211; mit \u00dcbungen zur Eigenerfahrung und Heilung<\/h2>\n<p>[\/et_pb_text][et_pb_accordion open_toggle_text_color=&#8220;#B44715&#8243; open_toggle_background_color=&#8220;#f9f2ed&#8220; closed_toggle_background_color=&#8220;#f9f2ed&#8220; icon_color=&#8220;#B44715&#8243; use_icon_font_size=&#8220;on&#8220; icon_font_size=&#8220;24px&#8220; icon_font_size_tablet=&#8220;20px&#8220; icon_font_size_phone=&#8220;&#8220; icon_font_size_last_edited=&#8220;on|desktop&#8220; _builder_version=&#8220;4.27.4&#8243; _module_preset=&#8220;default&#8220; toggle_text_color=&#8220;#E09900&#8243; toggle_font=&#8220;Crimson Text||on||||||&#8220; toggle_font_size=&#8220;31px&#8220; toggle_line_height=&#8220;1.5em&#8220; closed_toggle_font_size=&#8220;29px&#8220; body_font=&#8220;Karla||||||||&#8220; body_font_size=&#8220;18px&#8220; body_line_height=&#8220;1.8em&#8220; toggle_font_size_tablet=&#8220;20px&#8220; toggle_font_size_phone=&#8220;18px&#8220; toggle_font_size_last_edited=&#8220;on|tablet&#8220; toggle_line_height_tablet=&#8220;&#8220; toggle_line_height_phone=&#8220;1.3em&#8220; toggle_line_height_last_edited=&#8220;on|phone&#8220; body_font_size_tablet=&#8220;&#8220; body_font_size_phone=&#8220;14px&#8220; body_font_size_last_edited=&#8220;on|phone&#8220; border_color_all=&#8220;#979797&#8243; global_colors_info=&#8220;{}&#8220;][et_pb_accordion_item title=&#8220;Ihr Titel&#8220; open=&#8220;on&#8220; _builder_version=&#8220;4.27.2&#8243; _module_preset=&#8220;default&#8220; custom_css_main_element=&#8220;display:none;&#8220; global_colors_info=&#8220;{}&#8220;]<\/p>\n<p>Your content goes here. Edit or remove this text inline or in the module Content settings. You can also style every aspect of this content in the module Design settings and even apply custom CSS to this text in the module Advanced settings.<\/p>\n<p>[\/et_pb_accordion_item][et_pb_accordion_item title=&#8220;Wie Bewusstsein &#038; Frequenzen bzw. Energien unser Wohlsein \/Gesundsein bestimmen 1&#8243; _builder_version=&#8220;4.27.4&#8243; _module_preset=&#8220;default&#8220; background_color=&#8220;#FFFFFF&#8220; background_enable_color=&#8220;on&#8220; global_colors_info=&#8220;{}&#8220; open=&#8220;off&#8220;]<\/p>\n<p><span style=\"color: #b44715;\"><strong>Teil 1: Grundlage<\/strong> <\/span><br \/><span style=\"color: #e09900;\"><strong>Sonntag 10.11.2024 &#8211; 19 Uh<\/strong>r<strong>\u00a0<\/strong><\/span><\/p>\n<p><strong><span style=\"color: #e09900;\"><\/span><\/strong>Das alte materialistische Paradigma, geht zu Ende. Noch berufen sich viele Wissenschaften und die Schulmedizin auf dieses veraltete, l\u00e4ngst \u00fcberholte Konzept, obwohl seit Jahrzehnten \u00fcber Quantenphysik, Frequenztechnologien<br \/>bekannt ist, dass Bewusstsein und Energie ma\u00dfgebliche Schl\u00fcssel in unserer Welt und auch in unserem K\u00f6rper bis zur Zelle ist.\u00a0 Wie kann uns dieses Wissen helfen f\u00fcr unser Leben und die Gesundheit. Wie gehen wir mit unserer Bewusstheit gut um und setzen Energien lebensf\u00f6rderlich ein. Mit konkreten \u00dcbungen.<\/p>\n<p><span style=\"color: #e09900;\"><strong>Ort:<\/strong><\/span> <strong>Herzens-Tempel<\/strong>, Friedhofstr. 1, Waldkirch<br \/><span style=\"color: #e09900;\"><strong>Zeit<\/strong>:<\/span> <strong>10.11. 19 Uhr <\/strong>(Teil 1)<strong> 24.11. 19 Uhr <\/strong>(Teil 2)<br \/><span style=\"color: #e09900;\"><strong>Rednerin:<\/strong> <\/span><strong>Birgit Rieke,<\/strong> Heilpraktikerin, Heilerin<br \/><span style=\"color: #e09900;\"><strong>Beitrag: <\/strong><span style=\"color: #666666;\"><strong>15 &#8211; 20 \u20ac<\/strong> nach Selbsteinsch\u00e4tzung<\/span><strong><br \/><\/strong><\/span><\/p>\n<p style=\"text-align: left;\"><span style=\"color: #e09900;\"><strong>Teil 1 und Teil 2 k\u00f6nnen <span style=\"text-decoration: underline;\">unabh\u00e4ngig voneinander besucht<\/span> werden.<\/strong><\/span><\/p>\n<p>Aus diesen Vortr\u00e4gen heraus, k\u00f6nnen sich bei Interesse evt. entwickeln:<br \/>\u2022 regelm\u00e4\u00dfige Gruppen<br \/>\u2022 Seminare (Tages- oder Wochenendseminare)<br \/>F\u00fcr Menschen, die Verantwortung f\u00fcr ihr Leben, ihre Gesundung und Entwicklung \u00fcbernehmen m\u00f6chten.<\/p>\n<p>Dies wird ein gesch\u00fctzter Raum sein, indem Informationen gegeben werden, \u00fcber \u00dcbungen, Meditationen usw. Erfahrungen gemacht werden k\u00f6nnen und bei Bedarf: eigene Themen angesprochen, besprochen und gekl\u00e4rt werden<\/p>\n<p>[\/et_pb_accordion_item][et_pb_accordion_item title=&#8220;Wie Bewusstsein &#038; Frequenzen bzw. Energien unser Wohlsein \/Gesundsein bestimmen 2&#8243; _builder_version=&#8220;4.27.2&#8243; _module_preset=&#8220;default&#8220; background_color=&#8220;#FFFFFF&#8220; background_enable_color=&#8220;on&#8220; global_colors_info=&#8220;{}&#8220; open=&#8220;off&#8220;]<\/p>\n<p><span style=\"color: #e09900;\"><strong><\/strong><strong><span style=\"color: #b44715;\">Teil 2: Praktische Umsetzungsm\u00f6glichkeiten im Alltag, und in der ganzheitlichen Heilpraxis:<\/span><br \/>Sonntag 24.11.2024 &#8211; 19 Uh<\/strong>r<strong>\u00a0<\/strong><\/span><\/p>\n<p>\u00a0\u2022 Kosmische Gesetze miteinbeziehen in die Gesundung und Therapie<br \/>\u2022 Verschiedene praktische \u00dcbungen z.B. : Absicht \/ Atem<br \/>\u2022 \u00dcber Kinesiologie, Mentale &#8211; und emotionale Unterst\u00fctzung Freir\u00e4ume schaffen, damit \u201eNeues\u201c einflie\u00dfen kann. Praktische Demonstration<br \/>\u2022 K\u00f6rperliche Entgiftung, Ern\u00e4hrung uvm.<\/p>\n<p><span style=\"color: #e09900;\"><strong>Ort:<\/strong><\/span> <strong>Herzens-Tempel<\/strong>, Friedhofstr. 1, Waldkirch<br \/><span style=\"color: #e09900;\"><strong>Zeit<\/strong>:<\/span> <strong>10.11. 19 Uhr <\/strong>(Teil 1)<strong> 24.11. 19 Uhr <\/strong>(Teil 2)<br \/><span style=\"color: #e09900;\"><strong>Rednerin:<\/strong> <\/span><strong>Birgit Rieke,<\/strong> Heilpraktikerin, Heilerin<br \/><span style=\"color: #e09900;\"><strong>Beitrag: <\/strong><span style=\"color: #666666;\"><strong>Spende<\/strong> nach Selbsteinsch\u00e4tzung<\/span><strong><\/strong><\/span><\/p>\n<p style=\"text-align: left;\"><span style=\"color: #e09900;\"><strong>Teil 1 und Teil 2 k\u00f6nnen <span style=\"text-decoration: underline;\">unabh\u00e4ngig voneinander besucht<\/span> werden.<\/strong><\/span><\/p>\n<p>Aus diesen Vortr\u00e4gen heraus, k\u00f6nnen sich bei Interesse evt. entwickeln:<br \/>\u2022 regelm\u00e4\u00dfige Gruppen<br \/>\u2022 Seminare (Tages- oder Wochenendseminare)<br \/>F\u00fcr Menschen, die Verantwortung f\u00fcr ihr Leben, ihre Gesundung und Entwicklung \u00fcbernehmen m\u00f6chten.<\/p>\n<p>Dies wird ein gesch\u00fctzter Raum sein, indem Informationen gegeben werden, \u00fcber \u00dcbungen, Meditationen usw. Erfahrungen gemacht werden k\u00f6nnen und bei Bedarf: eigene Themen angesprochen, besprochen und gekl\u00e4rt werden\u00a0<\/p>\n<p>[\/et_pb_accordion_item][\/et_pb_accordion][\/et_pb_column][\/et_pb_row][et_pb_row column_structure=&#8220;1_2,1_2&#8243; disabled_on=&#8220;off|off|off&#8220; _builder_version=&#8220;4.27.3&#8243; _module_preset=&#8220;default&#8220; global_colors_info=&#8220;{}&#8220;][et_pb_column type=&#8220;1_2&#8243; _builder_version=&#8220;4.16&#8243; _module_preset=&#8220;default&#8220; global_colors_info=&#8220;{}&#8220;][et_pb_text _builder_version=&#8220;4.27.2&#8243; _module_preset=&#8220;default&#8220; text_font=&#8220;Crimson Text||||||||&#8220; text_text_color=&#8220;#B44715&#8243; text_font_size=&#8220;30px&#8220; header_2_font=&#8220;Crimson Text||||||||&#8220; header_2_text_align=&#8220;left&#8220; header_2_text_color=&#8220;#B44715&#8243; header_2_font_size=&#8220;39px&#8220; text_orientation=&#8220;center&#8220; module_alignment=&#8220;center&#8220; header_2_font_size_tablet=&#8220;42px&#8220; header_2_font_size_phone=&#8220;26px&#8220; header_2_font_size_last_edited=&#8220;on|phone&#8220; header_2_line_height_tablet=&#8220;&#8220; header_2_line_height_phone=&#8220;1.2em&#8220; header_2_line_height_last_edited=&#8220;on|phone&#8220; locked=&#8220;off&#8220; global_colors_info=&#8220;{}&#8220;]<\/p>\n<h2>offener Singkreis ab Januar 2025<\/h2>\n<p>[\/et_pb_text][et_pb_accordion open_toggle_text_color=&#8220;#B44715&#8243; open_toggle_background_color=&#8220;#f9f2ed&#8220; closed_toggle_background_color=&#8220;#f9f2ed&#8220; icon_color=&#8220;#B44715&#8243; use_icon_font_size=&#8220;on&#8220; icon_font_size=&#8220;24px&#8220; icon_font_size_tablet=&#8220;20px&#8220; icon_font_size_phone=&#8220;&#8220; icon_font_size_last_edited=&#8220;on|desktop&#8220; disabled_on=&#8220;off|off|off&#8220; _builder_version=&#8220;4.27.4&#8243; _module_preset=&#8220;default&#8220; toggle_text_color=&#8220;#E09900&#8243; toggle_font=&#8220;Crimson Text||on||||||&#8220; toggle_font_size=&#8220;31px&#8220; toggle_line_height=&#8220;1.5em&#8220; closed_toggle_font_size=&#8220;29px&#8220; body_font=&#8220;Karla||||||||&#8220; body_font_size=&#8220;18px&#8220; body_line_height=&#8220;1.8em&#8220; custom_margin=&#8220;|-566px||||&#8220; hover_enabled=&#8220;0&#8243; toggle_font_size_tablet=&#8220;20px&#8220; toggle_font_size_phone=&#8220;18px&#8220; toggle_font_size_last_edited=&#8220;on|tablet&#8220; toggle_line_height_tablet=&#8220;&#8220; toggle_line_height_phone=&#8220;1.3em&#8220; toggle_line_height_last_edited=&#8220;on|phone&#8220; body_font_size_tablet=&#8220;&#8220; body_font_size_phone=&#8220;14px&#8220; body_font_size_last_edited=&#8220;on|phone&#8220; border_color_all=&#8220;#979797&#8243; global_colors_info=&#8220;{}&#8220; sticky_enabled=&#8220;0&#8243;][et_pb_accordion_item title=&#8220;Ihr Titel&#8220; _builder_version=&#8220;4.27.4&#8243; _module_preset=&#8220;default&#8220; custom_css_main_element=&#8220;display:none;&#8220; global_colors_info=&#8220;{}&#8220; open=&#8220;off&#8220;]<\/p>\n<p>Your content goes here. Edit or remove this text inline or in the module Content settings. You can also style every aspect of this content in the module Design settings and even apply custom CSS to this text in the module Advanced settings.<\/p>\n<p>[\/et_pb_accordion_item][et_pb_accordion_item title=&#8220;Weltenlieder, Mantras, Seelenlieder, Freudenlieder mit Gitarrenbegleitung&#8220; open=&#8220;on&#8220; _builder_version=&#8220;4.27.4&#8243; _module_preset=&#8220;default&#8220; body_font=&#8220;Karla||||||||&#8220; background_color=&#8220;#FFFFFF&#8220; background_enable_color=&#8220;on&#8220; hover_enabled=&#8220;0&#8243; global_colors_info=&#8220;{}&#8220; sticky_enabled=&#8220;0&#8243;]<\/p>\n<p><span style=\"color: #ff9900;\">Ort:\u00a0 <\/span><span style=\"color: #000000;\">Yoga-Zentrum-Waldkirch &#8211; Fabrik Sonntag 5a<\/span><\/p>\n<p><span style=\"color: #ff9900;\">Zeit:\u00a0 <\/span><span style=\"color: #000000;\"><\/span><span style=\"color: #993366;\">Sonntags 18.30 &#8211; 20 Uhr\u00a0 14 t\u00e4gig\u00a0<\/span><br \/>12. + 26. Januar<br \/>9. + 23. Februar<br \/>9.3. + 23. M\u00e4rz<br \/>6. April<\/p>\n<p><span style=\"font-size: large;\"><span style=\"color: #ff9900;\">Beitrag:<\/span>\u00a0 Spendenbasis<\/span><\/p>\n<p>Wir singen einfache eing\u00e4ngige Lieder die uns dazu einladen inne zu halten, tiefer in Kontakt zu uns Selbst zu kommen und dabei die Verbundenheit in der Gruppe zu sp\u00fcren.<br \/>Eine wunderbare Erfahrung die erf\u00fcllend und heilsam sein kann.<br \/>Alle Interessierten sind willkommen. Es sind keine gesanglichen und musikalischen Vorkenntnisse n\u00f6tig.<\/p>\n<p>&nbsp;<\/p>\n<p>[\/et_pb_accordion_item][\/et_pb_accordion][\/et_pb_column][et_pb_column type=&#8220;1_2&#8243; _builder_version=&#8220;4.27.3&#8243; _module_preset=&#8220;default&#8220; global_colors_info=&#8220;{}&#8220;][\/et_pb_column][\/et_pb_row][et_pb_row disabled_on=&#8220;on|on|on&#8220; _builder_version=&#8220;4.27.2&#8243; _module_preset=&#8220;default&#8220; disabled=&#8220;on&#8220; global_colors_info=&#8220;{}&#8220;][et_pb_column type=&#8220;4_4&#8243; _builder_version=&#8220;4.16&#8243; _module_preset=&#8220;default&#8220; global_colors_info=&#8220;{}&#8220;][et_pb_text _builder_version=&#8220;4.27.2&#8243; _module_preset=&#8220;default&#8220; text_font=&#8220;Crimson Text||||||||&#8220; text_text_color=&#8220;#B44715&#8243; text_font_size=&#8220;30px&#8220; header_2_font=&#8220;Crimson Text||||||||&#8220; header_2_text_align=&#8220;left&#8220; header_2_text_color=&#8220;#B44715&#8243; header_2_font_size=&#8220;39px&#8220; text_orientation=&#8220;center&#8220; module_alignment=&#8220;center&#8220; custom_margin=&#8220;||29px|||&#8220; header_2_font_size_tablet=&#8220;42px&#8220; header_2_font_size_phone=&#8220;26px&#8220; header_2_font_size_last_edited=&#8220;on|phone&#8220; header_2_line_height_tablet=&#8220;&#8220; header_2_line_height_phone=&#8220;1.2em&#8220; header_2_line_height_last_edited=&#8220;on|phone&#8220; locked=&#8220;off&#8220; global_colors_info=&#8220;{}&#8220;]<\/p>\n<h2>Seminare<\/h2>\n<p>[\/et_pb_text][et_pb_accordion open_toggle_text_color=&#8220;#B44715&#8243; open_toggle_background_color=&#8220;#f9f2ed&#8220; closed_toggle_background_color=&#8220;#f9f2ed&#8220; icon_color=&#8220;#B44715&#8243; use_icon_font_size=&#8220;on&#8220; icon_font_size=&#8220;24px&#8220; icon_font_size_tablet=&#8220;20px&#8220; icon_font_size_phone=&#8220;&#8220; icon_font_size_last_edited=&#8220;on|desktop&#8220; _builder_version=&#8220;4.27.2&#8243; _module_preset=&#8220;default&#8220; toggle_text_color=&#8220;#E09900&#8243; toggle_font=&#8220;Crimson Text||on||||||&#8220; toggle_font_size=&#8220;31px&#8220; toggle_line_height=&#8220;1.5em&#8220; closed_toggle_font_size=&#8220;29px&#8220; body_font=&#8220;Karla||||||||&#8220; body_font_size=&#8220;18px&#8220; body_line_height=&#8220;1.8em&#8220; toggle_font_size_tablet=&#8220;20px&#8220; toggle_font_size_phone=&#8220;18px&#8220; toggle_font_size_last_edited=&#8220;on|tablet&#8220; toggle_line_height_tablet=&#8220;&#8220; toggle_line_height_phone=&#8220;1.3em&#8220; toggle_line_height_last_edited=&#8220;on|phone&#8220; body_font_size_tablet=&#8220;&#8220; body_font_size_phone=&#8220;14px&#8220; body_font_size_last_edited=&#8220;on|phone&#8220; border_color_all=&#8220;#979797&#8243; global_colors_info=&#8220;{}&#8220;][et_pb_accordion_item title=&#8220;Ihr Titel&#8220; open=&#8220;on&#8220; _builder_version=&#8220;4.27.2&#8243; _module_preset=&#8220;default&#8220; custom_css_main_element=&#8220;display:none;&#8220; global_colors_info=&#8220;{}&#8220;]<\/p>\n<p>Your content goes here. Edit or remove this text inline or in the module Content settings. You can also style every aspect of this content in the module Design settings and even apply custom CSS to this text in the module Advanced settings.<\/p>\n<p>[\/et_pb_accordion_item][et_pb_accordion_item title=&#8220;Beispiel&#8220; _builder_version=&#8220;4.27.2&#8243; _module_preset=&#8220;default&#8220; background_color=&#8220;#FFFFFF&#8220; background_enable_color=&#8220;on&#8220; global_colors_info=&#8220;{}&#8220; open=&#8220;off&#8220;]<\/p>\n<p><span style=\"color: #b44715;\"><strong>Teil 1: Grundlage<\/strong> <\/span><br \/><span style=\"color: #e09900;\"><strong>Sonntag 10.11.2024 &#8211; 19 Uh<\/strong>r<strong>\u00a0<\/strong><\/span><strong><span style=\"color: #e09900;\"><\/span><\/strong><\/p>\n<p align=\"left\">\u2022 Wir sind energetische Wesen, die eine menschliche Erfahrung machen.<br \/>\u2022 Was erzeugt Leid, negative Energien und wie k\u00f6nnen wir damit umgehen?<br \/>\u2022 Welche hilfreichen Fragen sollten wir stellen?<br \/>\u2022 Wie k\u00f6nnen ganzheitliche Heilweisen das Bewusstsein unterst\u00fctzen, leichter in unseren K\u00f6rper zu flie\u00dfen<\/p>\n<p>[\/et_pb_accordion_item][et_pb_accordion_item title=&#8220;Beispiel 2&#8243; _builder_version=&#8220;4.27.2&#8243; _module_preset=&#8220;default&#8220; background_color=&#8220;#FFFFFF&#8220; background_enable_color=&#8220;on&#8220; global_colors_info=&#8220;{}&#8220; open=&#8220;off&#8220;]<\/p>\n<p>\u2022 kosmische Gesetze miteinbeziehen in die Gesundung und Therapie<br \/>\u2022 Der Atem: praktische \u00dcbung<br \/>\u2022 \u00dcber Kinesiologie, Mentale &#8211; und emotionale Unterst\u00fctzung Freir\u00e4ume schaffen, damit \u201eNeues\u201c einflie\u00dfen kann<br \/>\u2022 K\u00f6rperliche Entgiftung, Ern\u00e4hrung uvm.<\/p>\n<p>[\/et_pb_accordion_item][\/et_pb_accordion][\/et_pb_column][\/et_pb_row][\/et_pb_section][et_pb_section fb_built=&#8220;1&#8243; admin_label=&#8220;Footer&#8220; _builder_version=&#8220;4.27.2&#8243; _module_preset=&#8220;default&#8220; background_color=&#8220;#fbddb8&#8243; custom_padding=&#8220;||10px|||&#8220; global_module=&#8220;275&#8243; saved_tabs=&#8220;all&#8220; global_colors_info=&#8220;{}&#8220;][et_pb_row column_structure=&#8220;1_3,1_3,1_3&#8243; make_equal=&#8220;on&#8220; _builder_version=&#8220;4.27.2&#8243; _module_preset=&#8220;default&#8220; global_colors_info=&#8220;{}&#8220;][et_pb_column type=&#8220;1_3&#8243; _builder_version=&#8220;4.16&#8243; _module_preset=&#8220;default&#8220; global_colors_info=&#8220;{}&#8220;][et_pb_image src=&#8220;https:\/\/birgitrieke.de\/wp-content\/uploads\/2024\/10\/logoweb1.png&#8220; title_text=&#8220;logoweb1&#8243; _builder_version=&#8220;4.27.2&#8243; _module_preset=&#8220;default&#8220; custom_margin=&#8220;25px||||false|false&#8220; global_colors_info=&#8220;{}&#8220;][\/et_pb_image][\/et_pb_column][et_pb_column type=&#8220;1_3&#8243; _builder_version=&#8220;4.27.2&#8243; _module_preset=&#8220;default&#8220; background_color=&#8220;#B44715&#8243; custom_padding=&#8220;40px|30px|40px|30px|true|true&#8220; global_colors_info=&#8220;{}&#8220;][et_pb_blurb title=&#8220;Adresse&#8220; _builder_version=&#8220;4.27.2&#8243; _module_preset=&#8220;default&#8220; header_font=&#8220;Crimson Text||||||||&#8220; header_font_size=&#8220;24px&#8220; header_line_height=&#8220;1.5em&#8220; body_font=&#8220;Karla||||||||&#8220; body_font_size=&#8220;18px&#8220; background_layout=&#8220;dark&#8220; header_font_size_tablet=&#8220;20px&#8220; header_font_size_phone=&#8220;18px&#8220; header_font_size_last_edited=&#8220;on|phone&#8220; header_line_height_tablet=&#8220;&#8220; header_line_height_phone=&#8220;1.8em&#8220; header_line_height_last_edited=&#8220;on|phone&#8220; body_font_size_tablet=&#8220;&#8220; body_font_size_phone=&#8220;14px&#8220; body_font_size_last_edited=&#8220;on|phone&#8220; locked=&#8220;off&#8220; global_colors_info=&#8220;{}&#8220;]<\/p>\n<p>Birgit Rieke<br \/>Benzeng\u00e4\u00dfle 9<br \/>79183 Waldkirch<\/p>\n<p>[\/et_pb_blurb][\/et_pb_column][et_pb_column type=&#8220;1_3&#8243; _builder_version=&#8220;4.27.2&#8243; _module_preset=&#8220;default&#8220; custom_padding=&#8220;40px|30px|40px|30px|true|true&#8220; border_width_all=&#8220;3px&#8220; border_color_all=&#8220;#B44715&#8243; global_colors_info=&#8220;{}&#8220;][et_pb_blurb title=&#8220;Kontakt&#8220; _builder_version=&#8220;4.27.2&#8243; _module_preset=&#8220;default&#8220; header_font=&#8220;Crimson Text||||||||&#8220; header_text_color=&#8220;#B44715&#8243; header_font_size=&#8220;24px&#8220; header_line_height=&#8220;1.5em&#8220; body_font=&#8220;Karla||||||||&#8220; body_text_color=&#8220;#B44715&#8243; body_font_size=&#8220;18px&#8220; background_layout=&#8220;dark&#8220; header_font_size_tablet=&#8220;20px&#8220; header_font_size_phone=&#8220;18px&#8220; header_font_size_last_edited=&#8220;on|phone&#8220; header_line_height_tablet=&#8220;&#8220; header_line_height_phone=&#8220;1.8em&#8220; header_line_height_last_edited=&#8220;on|phone&#8220; body_font_size_tablet=&#8220;&#8220; body_font_size_phone=&#8220;14px&#8220; body_font_size_last_edited=&#8220;on|phone&#8220; locked=&#8220;off&#8220; global_colors_info=&#8220;{}&#8220;]<\/p>\n<p align=\"center\" style=\"text-align: left;\">Tel. 07681 &#8211; 49 37 388<br \/>E-Mail-Adresse: info[at]birgitrieke.de<\/p>\n<p>[\/et_pb_blurb][\/et_pb_column][\/et_pb_row][et_pb_row make_equal=&#8220;on&#8220; _builder_version=&#8220;4.27.2&#8243; _module_preset=&#8220;default&#8220; global_colors_info=&#8220;{}&#8220;][et_pb_column type=&#8220;4_4&#8243; _builder_version=&#8220;4.16&#8243; _module_preset=&#8220;default&#8220; global_colors_info=&#8220;{}&#8220;][et_pb_blurb content_max_width=&#8220;1100px&#8220; _builder_version=&#8220;4.27.2&#8243; _module_preset=&#8220;default&#8220; header_font=&#8220;Crimson Text||||||||&#8220; header_text_color=&#8220;#B44715&#8243; header_font_size=&#8220;24px&#8220; header_line_height=&#8220;1.5em&#8220; body_font=&#8220;Karla||||||||&#8220; body_text_color=&#8220;#B44715&#8243; body_font_size=&#8220;18px&#8220; background_layout=&#8220;dark&#8220; header_font_size_tablet=&#8220;20px&#8220; header_font_size_phone=&#8220;18px&#8220; header_font_size_last_edited=&#8220;on|phone&#8220; header_line_height_tablet=&#8220;&#8220; header_line_height_phone=&#8220;1.8em&#8220; header_line_height_last_edited=&#8220;on|phone&#8220; body_font_size_tablet=&#8220;&#8220; body_font_size_phone=&#8220;14px&#8220; body_font_size_last_edited=&#8220;on|phone&#8220; locked=&#8220;off&#8220; global_colors_info=&#8220;{}&#8220;]<\/p>\n<p style=\"text-align: justify;\">Terminabsprachen bzw. R\u00fccksprachen erteile ich am liebsten telefonisch unter der <strong>Tel.-Nr. 07681- 493 73 88<\/strong>.<\/p>\n<p style=\"text-align: justify;\">Bitte legen Sie nicht auf, falls Sie mich nicht pers\u00f6nlich erreichen, da ich in der Regel w\u00e4hrend laufender Behandlungen im Sinne der Patienten nicht ans Telefon gehe. Hinterlassen Sie dann bitte auf dem Anrufbeantworter eine Nachricht mit Ihrem Namen, Ihrer Rufnummer und wann ich Sie am besten zur\u00fcckrufen kann.<\/p>\n<p>[\/et_pb_blurb][\/et_pb_column][\/et_pb_row][\/et_pb_section]<\/p>\n","protected":false},"excerpt":{"rendered":"<p>VeranstaltungenVortragsreihe &#8211; mit \u00dcbungen zur Eigenerfahrung und HeilungYour content goes here. Edit or remove this text inline or in the module Content settings. You can also style every aspect of this content in the module Design settings and even apply custom CSS to this text in the module Advanced settings.Teil 1: Grundlage Sonntag 10.11.2024 &#8211; [&hellip;]<\/p>\n","protected":false},"author":1,"featured_media":0,"parent":0,"menu_order":0,"comment_status":"closed","ping_status":"closed","template":"","meta":{"_et_pb_use_builder":"on","_et_pb_old_content":"","_et_gb_content_width":"","footnotes":""},"class_list":["post-168","page","type-page","status-publish","hentry"],"_links":{"self":[{"href":"https:\/\/birgitrieke.de\/index.php\/wp-json\/wp\/v2\/pages\/168","targetHints":{"allow":["GET"]}}],"collection":[{"href":"https:\/\/birgitrieke.de\/index.php\/wp-json\/wp\/v2\/pages"}],"about":[{"href":"https:\/\/birgitrieke.de\/index.php\/wp-json\/wp\/v2\/types\/page"}],"author":[{"embeddable":true,"href":"https:\/\/birgitrieke.de\/index.php\/wp-json\/wp\/v2\/users\/1"}],"replies":[{"embeddable":true,"href":"https:\/\/birgitrieke.de\/index.php\/wp-json\/wp\/v2\/comments?post=168"}],"version-history":[{"count":41,"href":"https:\/\/birgitrieke.de\/index.php\/wp-json\/wp\/v2\/pages\/168\/revisions"}],"predecessor-version":[{"id":512,"href":"https:\/\/birgitrieke.de\/index.php\/wp-json\/wp\/v2\/pages\/168\/revisions\/512"}],"wp:attachment":[{"href":"https:\/\/birgitrieke.de\/index.php\/wp-json\/wp\/v2\/media?parent=168"}],"curies":[{"name":"wp","href":"https:\/\/api.w.org\/{rel}","templated":true}]}}